6*r + 4*a + 8645, 2*a + 17302 = 2*r. Is r a composite number?
True
Suppose 2*b + 527996 = 2*t, 122*t + 1320020 = 127*t + b. Is t composite?
True
Suppose -4*q + 4 = 0, -23*u - 4*q - 98057 = -26*u. Is u a composite number?
False
Suppose 0 = -5*q - 9 - 1, 3*m - 3*q - 903915 = 0. Is m a composite number?
False
Let m = -212 + 217. Suppose 3022 = y + m*w, 4*y - 5*w = -w + 12064. Is y composite?
True
Let d = -894108 - -1772291. Is d prime?
True
Let w(s) = -5*s - 4401. Let l be w(0). Let k = l + 6162. Suppose 0 = -2*a - 2*c + 1317 - 143, 3*a = 5*c + k. Is a a prime number?
True
Suppose -3*j + 10406 = j - 2*z, 0 = -j - 3*z + 2584. Let s = j - 1841. Is s prime?
False
Let r(v) = 160*v + 2. Let p be r(1). Is p/(-27) + 1*965 a composite number?
True
Let f = -17864 + 10679. Let a = f - -11666. Is a composite?
False
Let x = -5267 + 19314. Is x composite?
True
Let c(q) = -228*q**3 + 2*q**2 + 36*q - 51. Is c(-11) composite?
True
Is (2/7)/(754/212700761) a prime number?
True
Suppose -3*a - 2949 + 4477 = -4823. Is a prime?
False
Let p(a) = 20009*a - 750. Is p(17) composite?
True
Let b(l) = 402*l + 24. Let h be b(-15). Is (-4)/(h/(-1202) - 5) a prime number?
False
Suppose 4*t + 11*b = 265546, 2*t - 161189 = 4*b - 28359. Is t a prime number?
True
Suppose -3*u - 6 = -3*p, 4*p - 4 = 2*p + u. Suppose p*d - 16007 = -5*o, 12*o + 5*d - 15995 = 7*o. Is o a prime number?
True
Let w(m) = 91*m**2 - 22*m + 2. Let v be w(8). Let j be (-4 + 3 + 16)*-203. Let h = v + j. Is h composite?
True
Suppose -t = -2*k + 1642, 0 = t - 11*k + 6*k + 1651. Is (1 + t/(-6))/((-2)/(-30)) prime?
False
Let z = -84 - -79. Let i be 766 + -2 + (-4 - z). Suppose -3*f = -2130 - i. Is f a prime number?
False
Let f(w) = 4*w**2 - 20*w + 24. Let h be f(12). Suppose 2*z = -2*t + h, -264 + 87 = -t + 2*z. Is (-15)/(-10)*(t - 1) prime?
False
Let c = -20 + 18. Let p(z) = 2964*z**2 - 5*z - 5. Let s be p(c). Suppose -12*a + s + 6847 = 0. Is a a prime number?
True
Suppose -45235 = -12*v - 2*m - 10153, 0 = -2*m + 6. Is v a prime number?
False
Let r(h) = 2*h - 28. Let l be r(11). Let s(u) = -u**3 + 4*u**2 + 10*u - 2. Let o be s(l). Let w = 33 + o. Is w composite?
False
Suppose -4*j - t + 4576 = 0, 0 = -20*j + 17*j - 5*t + 3432. Suppose -6*b - j = -49102. Is b composite?
False
Suppose -13 + 50 = -j - 5*i, -65 = 2*j + i. Let h = j - -28. Is 3/(-6)*h - -189 composite?
False
Is ((-192)/192)/((-1)/1801) composite?
False
Suppose -5*y = 4 + 6. Let w be (y + 1)/(6/(-12018)). Let x = w - 1368. Is x a prime number?
False
Let s(z) = z**3 - 8*z**2 + 14*z + 2. Let f be s(4). Let l(o) = -10*o**3 + 4*o**2 - 22*o - 13. Is l(f) a prime number?
True
Suppose -5*x + l + 16 = 0, 16*x + 24 = 17*x + 5*l. Suppose -2*n = -2*o - 28784, -x*n + 4*o = 3*o - 57553. Is n prime?
True
Suppose 2*p + 2*u - 1208030 = 0, -u + 592 = 586. Is p composite?
True
Let c(p) = -31*p**3 + 6*p**2 + 32*p + 106. Is c(-15) composite?
False
Let n(j) = 16*j**2 + 544*j + 151. Is n(-63) a prime number?
True
Suppose r = -2*j + 10, -5*j + 17 + 7 = 2*r. Suppose 9 = j*w + 2*c - 3, 16 = 5*w + 3*c. Suppose 3*k + 3*m = 2*k + 1582, 2 = -w*m. Is k prime?
False
Suppose 2*g - 3*w = 113555, -193061 - 90833 = -5*g + w. Is g prime?
True
Let k be (45/(-30))/((-6)/(-36884)). Let o = -3708 - k. Is o a prime number?
False
Suppose -4*z + 9661 = f, 7118 = 2*f + 2*z - 12186. Is f a composite number?
False
Suppose -k + 5 - 2 = 0. Let b = k + -4. Is 319/((-2)/(1 - (2 - b))) prime?
False
Suppose -2*p = -663791 - 735863. Is p prime?
False
Suppose 2*l + l - 6456 = 0. Suppose -412*t = -441*t + 155353. Suppose -3*o + t = -l. Is o a prime number?
True
Let z(f) = f**3 - 3*f**2 - 11*f - 2. Let a be z(6). Is (10/a)/(2/8056) a prime number?
False
Let k(z) = z - 15. Let q be k(-10). Let o be (-10 + 0)*(5 - (-135)/q). Suppose o*r - 6682 = 2*r. Is r prime?
False
Let c(v) = v**2 - 4. Let q be c(3). Let o(i) = -i**3 - i**2 + 4*i + 2. Let z(t) = 36*t**3 + 2*t**2 - 10*t + 5. Let n(u) = 2*o(u) + z(u). Is n(q) prime?
False
Suppose 2303*l - 2293*l - 2539010 = 0. Is l a composite number?
False
Is ((-91634)/10)/((-69)/195 + 30/195) a composite number?
False
Let i = 52536 - 16515. Is i prime?
False
Let k(g) = 2290*g + 27. Suppose -3*x - 9 = 0, -x - 8 = -4*n + 15. Is k(n) prime?
False
Let b = 48970 - -15811. Is b prime?
True
Let d(i) = -4*i**3 - 4*i - 3 + 2*i**3 - 13*i**2 - 7*i**3 + 0*i**3. Let w be d(5). Let s = w + 2156. Is s a composite number?
False
Is -8 + 48/4 + -1 + 21664 composite?
True
Suppose -51325 = -2*c + n - 2*n, 0 = -5*c + 3*n + 128318. Suppose 67*t = 56*t + c. Is t a composite number?
False
Let m(x) = 15606*x + 733. Is m(11) prime?
True
Suppose -1602951 = -12*q - 569787. Is (1/3)/(11/q) prime?
True
Let i(h) = -6894*h - 330. Let l be i(-35). Suppose 16*q - 119536 = l. Is q a prime number?
True
Let f(h) be the third derivative of h**6/40 + h**5/30 + h**4/24 + 3*h**3/2 - 10*h**2. Let j be f(5). Suppose -10223 = -6*b + j. Is b prime?
True
Suppose 47*i - 3 = 46*i. Suppose -5*u + i*u + 3790 = 4*f, 0 = 4*u - 2*f - 7610. Is u a composite number?
False
Suppose -80*z - 408 = -84*z. Let w = z - 98. Suppose -h + 7566 - 1377 = w*b, h = -b + 1551. Is b composite?
True
Suppose -96*g + 52*g + 5121908 = 0. Is g a prime number?
False
Suppose -5*s + 110 = 3*p, 4*p + 4*s = 6*s + 190. Let v(f) = -4 - 84*f - 222*f + p*f. Is v(-1) a prime number?
True
Suppose 3*c = -15, 927344 = 5*x + 3*c - 2020536. Is x a composite number?
False
Let o(p) = -p**3 - 73*p**2 + 133*p + 663. Is o(-90) prime?
False
Let q(y) = 798*y**2 + 7*y - 8. Let h be q(2). Suppose 2*r - h = -2*x, 5*x = -5*r + 9*x + 7977. Is r composite?
False
Suppose -542699 = -b - 5*o, -961794 = -4*b + 5*o + 1208952. Is b a prime number?
False
Let l(k) = k**2 + 8*k + 0*k**2 + 6 + 3 + 1. Let m = -185 + 194. Is l(m) composite?
False
Let g be (-18 + 0)*-9*(-7)/(-42). Let t be ((-40)/24)/((-3)/g). Suppose -13*p = -t*p + 2962. Is p composite?
False
Is 5/(-4) + 1 + (12233127/12 - -4) composite?
True
Suppose -129671 = -3*c - 4*n - 16298, 3*c + 5*n = 113367. Is c composite?
False
Is (4 - -5 - 10)*-28961 composite?
False
Let q(y) = y**3 + 12*y**2 + 11*y + 2. Let m be q(-11). Suppose 0 = m*a - 570 - 12. Suppose -3*s + a = 42. Is s composite?
False
Suppose 5*h - 110 = -3*y, 0 = 3*h - 0*y - 4*y - 37. Suppose 3*w + 4*m = -30, h = -3*w + m + 4. Is 7194/5 + w/(-30) composite?
False
Let n = -333 + 339. Is 30/n*6022/5 prime?
False
Suppose f - 4*f = 90. Let t = f + 33. Suppose t*s + 0*s = 15, 0 = -d + 3*s + 128. Is d a prime number?
False
Suppose -24 = -2*r + 4*s, -2*s - 27 = 4*r - 85. Suppose -r*c = -5*c - 12591. Is c prime?
True
Suppose 0 = -5*q + 2*f + 596427, -3*q - 911*f = -906*f - 357850. Is q composite?
True
Is (1255720/(-140))/(14/(-147)) prime?
False
Suppose -3*x - 8 = 4. Suppose 85*b = 39*b - 1288. Is ((-2153)/4)/(x + (-105)/b) prime?
True
Suppose -12*i + k = -9*i - 289119, 3*i - 6*k = 289119. Is i a prime number?
False
Let b(g) be the third derivative of 0 - 33/4*g**4 + 20*g**2 - 13/6*g**3 + 0*g. Is b(-10) prime?
False
Let z(a) = 3*a**2 - 41*a - 20. Let o be z(9). Let s = o + 331. Is s a composite number?
True
Let a be 8/6*(-15)/2. Let l be 22/a - 6/(-30). Is l/(-13) - 5805/(-39) a prime number?
True
Suppose -348982 = -5*h + 327674 - 88351. Is h a prime number?
False
Let x(q) = -8*q**2 + 8*q - 7. Let i(u) = -u**2 + u - 1. Let v(y) = 4*i(y) - x(y). Let h be v(2). Let w(l) = -l**3 + 10*l**2 + 15*l - 10. Is w(h) a prime number?
False
Suppose 0 = 12*a + 7 - 43. Suppose -a*h + 7*h - 868 = 0. Suppose -4*o = -99 - h. Is o prime?
True
Suppose -2*o + 237590 = 4*p, -2*o - 8453 = 3*p - 246042. Is o composite?
True
Let f = 11921 - 2168. Suppose -13*b = -3650 - f. Is b composite?
False
Suppose 25*i = 26*i. Suppose i = -0*l - 2*l. Suppose -u + 568 = -l*u - 5*h, -5*h = 5*u - 2930. Is u prime?
False
Let c(r) = -r**3 - 15*r**2 - 28*r - 22. Let l be c(-13). Is 124968/9 + (20/(-15))/l a prime number?
False
Let u = -113 - -105. Let b(z) = 70*z**2 + 15*z + 34. Let h be b(u). Let s = -2661 + h. Is s composite?
False
Suppose 344 = -14*p + 18*p. Suppose w + 11 + 16 = r, 77 = 3*r - 5*w. Let x = r + p. Is x a prime number?
False
Suppose -f + 14151 = 2*h - 140210, 2*h = -2*f + 308730. Is f a prime number?
True
Is 2319/((-28)/(-42)*(-9)/(-214)) composite?
True
Let z(d) = 2*d + 81. Let s be z(-30). Let